)/1*((-171)/b)/(-1). What is the greatest common divisor of s and a?
19
Let s be (5/(-2))/(3/36). Suppose 4*k + 3*h + 133 = 8*h, 0 = -k + 2*h - 34. Let q = s - k. What is the highest common factor of 6 and q?
2
Suppose -4*d = -d - 42. Let u = d - 11. Suppose 5*p + 5*m - 229 = u*p, 3*m + 588 = 5*p. Calculate the greatest common factor of 13 and p.
13
Let v = -4 - -9. Suppose 2 = 2*q + 2*t - 52, 2*t = v*q - 135. What is the greatest common factor of q and 3?
3
Suppose 2*z = -0*o + 5*o - 10, -o - 16 = -4*z. Calculate the highest common divisor of z and 20.
5
Let j be 199 - ((-2 - 4) + 2). Calculate the greatest common factor of 58 and j.
29
Let b be (1 - 12)*-1 - -1. Let s = 26 - 14. Suppose 0 = -s*l + 15*l - 108. Calculate the greatest common divisor of l and b.
12
Let a(b) = -b**3 - 5*b**2 - 3*b - 1. Let o be a(-5). Let v(x) = 3*x + 1. Let r be v(1). Suppose r = m - 3. What is the greatest common divisor of o and m?
7
Suppose 366 = 2*j + 3*b, -j - 3*b + 19 = -167. Let r be ((3/9)/(-1))/((-7)/420). What is the greatest common divisor of r and j?
20
Suppose 77*u - 96*u = -4750. What is the greatest common divisor of u and 10?
10
Let b = -324 - -588. What is the highest common factor of 12 and b?
12
Let y(h) = 11*h**2 + h + 1. Let d be y(-1). Suppose -k - 479 = 4*w, 4*w = 3*w - 2*k - 118. Let t = w - -142. What is the greatest common factor of t and d?
11
Suppose -5*t - 13 = -h - 0*t, -2*t = h - 6. What is the greatest common divisor of h and 80?
8
Suppose -n = -8 - 100. Suppose -32*j + 35*j = n. What is the greatest common divisor of 12 and j?
12
Suppose 4*k - 2*z = 30, 3*k + 4*z = z + 18. Suppose -k*f - 128 = -11*f. What is the highest common divisor of f and 8?
8
Let g(h) = -h**2 + 14*h - 6. Let c be g(6). Let o = 95 - 75. Let f be (-2 + 16/(-20))/((-8)/o). Calculate the greatest common factor of c and f.
7
Suppose 2*h - 3*h = 17. Let g = -13 - h. Suppose -10*n = -g*n - 420. What is the highest common factor of 28 and n?
14
Let w(t) = 19*t**2 + 2*t - 1. Let x be w(1). Let j = 5 + x. Suppose 4*o + 2*q - 3*q - 403 = 0, 3*o = q + 303. What is the greatest common factor of o and j?
25
Suppose -10*v + 11*v = 2. Suppose -v*f - 225 = -5*f. Let h be (30 - -3) + 1*-3. What is the greatest common factor of h and f?
15
Suppose -4*v + 5*p = -164, -87*v - 56 = -88*v + 5*p. Let f be 927/6 - (-2)/4. Suppose -5*q + 115 = -f. What is the highest common factor of v and q?
18
Let j(u) = 32*u - 18. Let f be ((-6)/8)/((-2)/(-8)). Let v(h) = -5*h - 6. Let w be v(f). Let g be j(w). What is the highest common factor of g and 30?
30
Let y(m) = m**3 + 10*m**2 + 4*m - 82. Let d be y(-8). Calculate the greatest common factor of d and 434.
14
Let z = -450 - -531. What is the highest common divisor of z and 1539?
81
Suppose 1 + 2 = 3*f. Let a be 2/(-10) + (-272)/(-85). Suppose 0*k + 3 = a*k. Calculate the highest common factor of f and k.
1
Suppose -3*o - o = -12. Suppose 20 = o*s + 8. Suppose -s*b + f = -310, 2*b - 4*f - 164 = f. Calculate the highest common factor of b and 11.
11
Let w(a) = 4*a - 23. Suppose -2*z - z + 24 = 0. Let k be w(z). What is the highest common divisor of 1 and k?
1
Suppose 5*d + 857 = 3*p + 282, -5*p + d + 929 = 0. What is the greatest common divisor of 37 and p?
37
Suppose -5*l + 14 = -3*l. Suppose -m + 1 = -r, 3*r = 2*m - l*m + 5. Calculate the greatest common factor of 3 and m.
1
Suppose -5*u + 292 - 112 = 0. Calculate the greatest common factor of u and 54.
18
Suppose -4*b + 4 = 2*l, -5*l - 2*b = -14 + 44. Suppose 2*f - 6 = -60. Let r = l - f. Calculate the greatest common divisor of 152 and r.
19
Suppose 0 = 2*q - 24. Let u be 14 + (q/(-48) - 1/(-4)). Calculate the greatest common factor of 56 and u.
14
Suppose -15*b + 60 = -14*b. Calculate the highest common divisor of 156 and b.
12
Let b(m) = -m. Let s(p) = -p**2 - 2*p - 2. Let a(i) = 5*b(i) - s(i). Let r be a(3). Let q be (11 - 0) + r + -4. What is the highest common factor of q and 81?
9
Let k(d) = 2*d - 10. Let i be k(7). Let p(r) = 2*r**2 - 47*r + 29. Let y be p(23). What is the highest common factor of y and i?
2
Let k be (4 + -1)*6/9. Suppose -7*w + k*w = -20. Suppose h = 5*m + 1, -h - 5*m + 2 = 1. What is the highest common divisor of w and h?
1
Let x(n) = 2*n**2 - n - 1. Let i be x(-2). Suppose -i + 69 = 10*s. Calculate the greatest common divisor of s and 42.
6
Suppose 5*m + 0*x + 5*x = 735, 0 = -m + 5*x + 153. Calculate the highest common factor of 1554 and m.
74
Let k = 1 + 8. Let g = 1 - k. Let z = g + 14. What is the highest common divisor of z and 6?
6
Suppose 16 = -0*d - d. Let x = d + 17. Let h(v) = 7*v**2 + v - 1. Let o be h(x). What is the highest common divisor of o and 35?
7
Let g be 2*((-25)/(-2) - (-6)/2). Suppose 8*i + i - 1116 = 0. Calculate the greatest common factor of g and i.
31
Suppose -4*x - 10*b = -12*b - 208, 0 = -2*x - 2*b + 104. Calculate the highest common divisor of 286 and x.
26
Let u(b) = 19*b + 6. Let q be u(5). Let w = q + -24. Suppose 0 = o - 5*k - 2, 0 = 2*o - 2*k + 363 - 375. Calculate the highest common factor of w and o.
7
Suppose -54*v - h + 395 = -50*v, -v - 4*h = -80. Let n be (-13 - 3)/(2/(-5)). What is the highest common factor of n and v?
20
Let s(v) = v**3 - 14*v**2 + 22*v + 37. Let w be s(12). Suppose -4*j = -107 - 309. Calculate the highest common divisor of j and w.
13
Let d be -5 + -5 + (-5)/((-20)/3156). What is the greatest common divisor of 19 and d?
19
Let o(f) = -5*f + 61. Let n be o(14). Let i be ((-24)/n)/8 - (-118)/6. Calculate the greatest common factor of i and 20.
20
Suppose 3*m = -q - 0*q + 72, 4*m + 4*q = 96. Calculate the greatest common divisor of 180 and m.
12
Let h = 115 - 66. Let a = -8 + h. What is the highest common factor of 328 and a?
41
Let f(p) = p**2 - 12*p + 2. Let k be f(12). Suppose -2*u - u = -66. What is the greatest common divisor of u and k?
2
Let h = -31 + 15. Let u be (h/(-6) + -2)*9. Let b(p) = p**3 + 25*p**2 - p - 22. Let c be b(-25). What is the greatest common factor of c and u?
3
Let i be (-6)/4 - (-25)/10 - -24. Calculate the greatest common factor of i and 2.
1
Suppose -2*l + 3*s + 10 = -0*l, 5*s = -3*l - 4. Let z(k) = 9*k + 2. Let w be z(l). Suppose w + 20 = b. What is the greatest common factor of b and 100?
20
Let w(g) be the third derivative of -1/8*g**4 + 1/6*g**5 + 0*g + 0 - 1/6*g**3 + 6*g**2. Let p be w(3). Calculate the highest common divisor of 10 and p.
10
Let k(q) = -5*q - 8. Let b be k(-8). Calculate the greatest common divisor of b and 368.
16
Let s(c) = -c**3 + 12*c**2 + 66*c + 12. Let n be s(16). What is the highest common factor of n and 979?
11
Let d(p) = -p**2 + 33*p + 76. Let l be d(0). Calculate the greatest common factor of 988 and l.
76
Let r = 421 + -329. Calculate the highest common divisor of r and 230.
46
Let p be (2/(-5))/((-31)/4185). Calculate the highest common divisor of 243 and p.
27
Let j be (115/5 + 1)*2/4. What is the highest common divisor of j and 28?
4
Let q(h) = h**3 - 14*h**2 - 11*h - 5. Suppose 0 = -41*u + 46*u - 75. Let n be q(u). Calculate the greatest common factor of n and 5.
5
Let h(c) = 7*c + 109. Let x be h(16). Calculate the highest common divisor of x and 39.
13
Let x = -86 - -88. Let r = 0 - -3. Suppose 0 = 2*b - r*d - 10, -d - d + 28 = 3*b. Calculate the highest common factor of b and x.
2
Suppose -16*g + 1960 = -8*g. What is the greatest common divisor of 35 and g?
35
Let p be 4*19/4 - (1 + 0). Calculate the highest common factor of p and 18.
18
Suppose -2*n - 13*n = -885. What is the greatest common factor of 295 and n?
59
Let q(b) = -b**2 - 32*b + 51. Let l be q(-33). What is the highest common divisor of 9 and l?
9
Let c be 22*12 + (-15)/((-75)/10). Calculate the highest common factor of c and 38.
38
Suppose -2*n + 2*a + 4 = 0, 3*n + 2*a = 7*a + 14. Let h be n*-4*1 - (-7 - -11). Calculate the greatest common factor of 4 and h.
4
Let m(v) = 6*v**2 - v - 2. Let u be m(5). Let p be (-96)/(-30) + -4 - 670/(-25). Calculate the greatest common divisor of p and u.
13
Let u(q) = 4*q**2 + q - 1. Let k be u(5). Suppose 14*f - 18*f + v = -55, -3*v = 3*f - 30. Calculate the greatest common divisor of f and k.
13
Let o(v) = -v - 12. Let d be o(-5). Let i(m) = 6*m**2 - 3*m + 10. Let h be i(d). Let l be h/17 + (-2)/17. What is the highest common divi